 + (2 + -9 - -7)?
7, 43
Suppose -266*b + 264*b + 8460 = 0. List the prime factors of b.
2, 3, 5, 47
Let a(u) = 4 + u**3 - 4 - 3*u + 4*u**2 - 6*u**2. Let j be a(-2). Let f = 6 - j. List the prime factors of f.
2
Let l(v) = 29*v - 8. Let b(f) = -58*f + 17. Let k(j) = 3*b(j) + 5*l(j). What are the prime factors of k(-7)?
2, 107
Suppose -3179 = -7*t - 4*t. Let u = t - 163. What are the prime factors of u?
2, 3, 7
Suppose 0*o - 95 = -3*w - o, 0 = -2*w + 4*o + 54. Let u = w - -49. What are the prime factors of u?
2, 5
Suppose 4*h + u = 788 + 9594, -4*h + 5*u + 10394 = 0. List the prime factors of h.
2, 11, 59
Let g = -9 - -10. Suppose -3*b + 13 = g. Suppose s = -b*s + 30. What are the prime factors of s?
2, 3
Suppose -993 = 9*r - 5826. List the prime factors of r.
3, 179
List the prime factors of -4 + (-13)/((-39)/9) + 3059.
2, 11, 139
Let t = -17 + 10. Let q(o) = o**3 + 8*o**2 - 13*o - 16. List the prime factors of q(t).
2, 31
What are the prime factors of ((-30)/(-20))/((-1)/(-30)) - -3?
2, 3
Suppose 0 = -o - 14 + 17. Suppose -o - 3 = -3*z. What are the prime factors of z?
2
Suppose 10*i = i + 27. Suppose 3*s - 2*z = 570, -2*s - i*z - 380 = -4*s. What are the prime factors of s?
2, 5, 19
Suppose -1308 + 98 = -10*r. What are the prime factors of r?
11
Let y = -64 + 69. Suppose 2*d - 108 = 2*c, -y*d + 128 + 182 = 3*c. List the prime factors of d.
59
Suppose 0*h + 434 = 7*h. Let l = -35 + h. What are the prime factors of l?
3
Let x = 1 + -3. What are the prime factors of 2 + x - (-4 + -58)?
2, 31
Suppose 12*p - 57*p = -66690. What are the prime factors of p?
2, 3, 13, 19
Let w be 0/1 - (-9 + 7). Suppose w*x + 2*x - 48 = 0. Let t = 29 - x. What are the prime factors of t?
17
Let a(l) = -50*l**3 - l**2 - 9*l - 9. List the prime factors of a(-2).
3, 5
Let r be (-125)/15 + (-1)/(-3). What are the prime factors of (-1394)/r + (-28)/112?
2, 3, 29
Suppose 5*n + o + 4*o + 20 = 0, -5*o - 20 = -5*n. Suppose h = -c - 2*c + 108, 3*c + 9 = n. What are the prime factors of h?
3, 13
Suppose -6 = 5*k - 11. Let l be 285/(-38) - k/2. Let t(u) = u**3 + 9*u**2 + 5*u. List the prime factors of t(l).
2, 3
Let u(j) = -125*j**3 - 6*j**2 + 3*j + 10. What are the prime factors of u(-2)?
2, 5, 7
Suppose -5*r = -15, 23 = 2*h - h + 3*r. Suppose -151 = -5*z - j, -z + 18 + h = 2*j. Let v = z - 13. What are the prime factors of v?
17
Suppose -2*h - 5 = -3*h + y, 0 = 4*h + 4*y + 4. Suppose 4*o - 23 = -u, -3*u + 3*o - 9 = -3. Suppose a + t - 9 = h*t, u*t = -a - 7. List the prime factors of a.
5
Suppose 2*j + j - l = 17, 5*j + l - 23 = 0. Suppose 117 = 2*k + j*r, 3*k + 2*k + r - 258 = 0. List the prime factors of k.
3, 17
Suppose 10*x - 20 = 5*x. Suppose x*d - 166 = 3*d. List the prime factors of d.
2, 83
Let f(r) be the third derivative of -r**6/120 - r**5/10 + r**4/4 + r**3 + 5*r**2. Let u be f(-6). List the prime factors of (32/40)/((-1)/u).
2, 3
Let t(x) be the second derivative of -x**4/12 + 7*x**3/6 + 2*x**2 + 29*x. Let f(j) = j**2 + 6*j - 4. Let i be f(-7). What are the prime factors of t(i)?
2
Let y(g) = g**3 + 6*g**2 - 5*g + 1. Suppose 2*s + 2 = -10. Let h be y(s). Let p = -13 + h. List the prime factors of p.
2, 3
What are the prime factors of 16/(-12) + 10129/21?
13, 37
Let m(q) = q**2 - 11*q - 2. Let o be m(11). Let r(b) = 5*b**2 + 4*b + 2. What are the prime factors of r(o)?
2, 7
Let s = 37 - -19. Suppose -f + 37 = -s. What are the prime factors of f?
3, 31
Let m be -1 - (1 - 4)/1. Suppose -14 = -0*x - m*x. Suppose x*l - 50 = 5*l. What are the prime factors of l?
5
What are the prime factors of 2474/2 - 12*2/(-6)?
17, 73
Let h(t) = 14*t**2 - 27*t - 180. What are the prime factors of h(-9)?
3, 7, 19
Let h(n) = n**3 - 15*n**2 - 3*n - 1. Let l(r) = r**3 - 16*r**2 - 3*r. Let w(k) = -5*h(k) + 4*l(k). List the prime factors of w(11).
2, 19
Let a be (-6)/((18/388)/(-9)). What are the prime factors of 1/2 + a/24?
7
Let m(i) = -159*i - 264. What are the prime factors of m(-11)?
3, 5, 11
Let u = -3406 + 5615. List the prime factors of u.
47
Suppose 2*p = -2*n - 34 + 330, -4*p - n = -595. Suppose 4*v - p - 44 = -f, -3*v - 5*f + 132 = 0. List the prime factors of v.
7
Let i(g) = g**2 - 8*g + 7. Let h be i(6). Let z be (-8)/h*(-45)/6. Let y(j) = -j. List the prime factors of y(z).
2, 3
Let k(o) = o**2 + 8*o + 10. Let f be k(-7). Suppose 2*a - 91 = -3*h, 5*h + f*a = 5*a + 141. Suppose -6*b + h = -115. List the prime factors of b.
2, 3
Suppose -10*t + 4*t = -954. Suppose 436 - t = v. What are the prime factors of v?
277
Suppose 11*t + 27586 = 24*t. What are the prime factors of t?
2, 1061
Let w(s) be the second derivative of s**3/6 + 15*s**2/2 + 8*s. Let r(u) = u**3 + 5*u**2 - 9*u - 7. Let x be r(-6). List the prime factors of w(x).
2, 13
Suppose -24 = k - 37. Suppose 3*f = -t + 95, -3*f + k = 4*t - 403. What are the prime factors of t?
107
Suppose i - 488 = m - 29, 10 = 2*m. What are the prime factors of i?
2, 29
Suppose 545 = 2*f - 849. Suppose 2*q - f = -4*w - 3*q, -867 = -5*w - 2*q. What are the prime factors of w?
173
Let y be 3/2 - (-1)/2. Let j be (y/4)/(2/96). Let q = j + -1. What are the prime factors of q?
23
Let c(h) = -4*h + 10*h - h**2 + 30*h - 5. What are the prime factors of c(34)?
3, 7
Let d(z) = -21*z - 28. List the prime factors of d(-21).
7, 59
Suppose -2*z - 5*i + 32 = -3*z, 2*z + 38 = -3*i. Let t = z - -10. Let c = 9 - t. What are the prime factors of c?
3, 7
Suppose 15*q - 106 - 2684 = 0. What are the prime factors of q?
2, 3, 31
Let f(j) be the third derivative of j**4/6 + j**3 - 2*j**2. Let y(r) = -r**3 - 8*r**2 + 7. Let g be y(-8). List the prime factors of f(g).
2, 17
Suppose -2*m = 13 - 49. Suppose 3*n = -6 - 15. Let h = m + n. List the prime factors of h.
11
Let x(r) = -r**2 - 20*r + 22. Let f be x(-21). List the prime factors of (805/(-46))/((-9)/(-10) - f).
5, 7
Let s(g) = -7*g - 4. Let n be s(-2). Suppose -2*p + 2*b + 3*b = n, p - 8 = -4*b. Suppose -5*o - c + 220 = p, 2*c + 11 + 22 = o. What are the prime factors of o?
43
Let r(s) = 29*s**2 + s - 10. Let m(n) = n**2 + 8*n + 10. Let x be m(-7). List the prime factors of r(x).
2, 127
Let h be 68 + -4 + (2/(-1))/2. Let c = 205 - h. List the prime factors of c.
2, 71
List the prime factors of 3368 - (0 - (7 + -10 - -4)).
3, 1123
Suppose 1563 = 11*z - 1363. List the prime factors of z.
2, 7, 19
Suppose -2*q - 281*w + 278*w = -7769, -3889 = -q - 3*w. What are the prime factors of q?
2, 5, 97
Let m be 2 + 296/((-6)/(-3)). Let x be -6 + 3 + 111 + (-3 - 0). Let n = m - x. What are the prime factors of n?
3, 5
Let g(k) = 1572*k**2 + 8*k - 7. List the prime factors of g(1).
11, 13
Suppose -4 = 2*w, 4*k - 3645 + 1299 = 3*w. What are the prime factors of k?
3, 5, 13
Let u = -9 + 9. Suppose i - 3*n - 74 = -u*i, 4*n - 157 = -3*i. Suppose 2*t + a = 74, 5*a + 75 = 4*t - i. List the prime factors of t.
2, 3
Suppose -y + 5*l = -167, -3*y - l = l - 416. Suppose 0 = -11*k + 155 + y. What are the prime factors of k?
3
Let r = 10 + -5. Suppose -5*x + 32 = 3*g, -x = -r*x + 4*g. Suppose 62 = x*m + j, 0 = -3*m - 5*j + 27 + 28. List the prime factors of m.
3, 5
Suppose 4*k + 106 = 5*m + k, 4*m - 3*k - 86 = 0. Suppose -5*q = -m + 5. Suppose 3 = q*y - 78. List the prime factors of y.
3
Let i = 4 - 2. Let u be (1 + 227)/((-2)/(28/(-21))). Suppose -2*p + u = i*p. What are the prime factors of p?
2, 19
Let z = -6 - -10. Suppose p - z*p = -195. What are the prime factors of (2 + -6)/((-10)/p)?
2, 13
Suppose 3*j - 96 = 5*l, 2*l + 34 - 28 = 0. List the prime factors of j.
3
Let k be (-21)/(-18)*2 - (-3)/(-9). Suppose -4*u + f + 235 = 0, 5*u + 4*f - 284 = k*f. What are the prime factors of u?
2, 29
Suppose d - 563 = 3*w, 0 = 5*d + 2*w - 2539 - 361. List the prime factors of d.
2, 17
Let l(h) be the first derivative of -25*h**2 - 3*h + 3 + 7*h + 27*h**2. What are the prime factors of l(4)?
2, 5
Let q(j) = -j - 1. Let t(r) = -8*r - 17. Let v(g) = 5*q(g) - t(g). Let x be v(14). Let c = -38 + x. List the prime factors of c.
2
Let s be 14/1 + (0 - -4). Suppose k - 2*k - s = 0. Let x = k + 34. List the prime factors of x.
2
Suppose -53*i + 133029 - 40385 = 0. What are the prime factors of i?
2, 19, 23
What are the prime factors of ((-9402)/30)/((-76)/(-20) + -4)?
1567
Suppose p + 1472 = 4*q, -q + 4*p = -360 - 8. Suppose -3*k = 5*k - q. What a